44). What is the highest common factor of a and b?
12
Let y(b) = b**2 - 4*b + 3. Let t be y(11). Let i(d) = 52*d + 1506. Let h be i(-28). What is the highest common divisor of t and h?
10
Let j = 15724 + -15717. What is the greatest common divisor of j and 59?
1
Let p(x) = 31*x + 531. Let u be p(-13). Calculate the greatest common factor of 2832 and u.
16
Let a be (-40)/(-16) + 6 - 2/(-4). Let x be a/(3*(-4)/64). Let c be (1280/x)/(2/(-9)). What is the greatest common divisor of c and 8?
8
Suppose 2*r = 3*a + 234, 3*r + r = 3*a + 462. Suppose 5*b = 461 + r. Calculate the greatest common divisor of b and 46.
23
Suppose -235*b + 221*b - 9422 = 0. Let t = -597 - b. What is the greatest common divisor of t and 4?
4
Let w = -3 + 10. Let b(g) = 9*g + 43. Let t(c) = 7*c + 42. Let h(q) = -4*b(q) + 5*t(q). Let z be h(3). What is the highest common factor of w and z?
7
Suppose -3*n + 1020 = n. Let v(x) = 810*x - 4020. Let w be v(5). Calculate the highest common divisor of w and n.
15
Let o = 128 - -124. Suppose 5*f - f + 3*k - o = 0, -4*k + 314 = 5*f. Let j = -37 + f. What is the greatest common factor of 203 and j?
29
Let k(t) be the second derivative of -t**5/10 - 5*t**4/6 - t**3/2 - 4*t**2 + t - 14. Let g be k(-5). Calculate the highest common factor of 7 and g.
7
Suppose 0 = -l + 2. Suppose l*k - 12 = 2. Let w be (-4)/22 + 2085/33. What is the greatest common factor of w and k?
7
Let p be 10 + ((-245)/(-14))/((-8)/(-208)). Calculate the greatest common factor of p and 45.
15
Let v be 6/(-8) - (7866/(-24) + 0). Let l = 1016 - v. Calculate the greatest common factor of l and 106.
53
Suppose 13*x + 2*x - 4560 = 0. Suppose -321 - 415 = -47*v + v. What is the highest common factor of v and x?
16
Suppose -1 = -h + 1. Suppose h*j = 28 - 4. Let l(f) = -56*f - 3284. Let a be l(-61). What is the greatest common factor of j and a?
12
Let f(k) = -k**2 - 15*k + 22. Let o(n) = 0*n - 54 + 1 - 2*n. Let g be o(-19). Let s be f(g). Calculate the highest common factor of 11 and s.
11
Let y be (-18)/(-4) + (6/(-4) - -1). Suppose y - 4 = 2*a. Suppose p + 2*v - 10 = a, 2*p = 7*p + v - 86. Calculate the highest common divisor of p and 1.
1
Let b(t) be the first derivative of t**3/3 - 13*t**2/2 + 42*t - 20. Let i be b(15). Calculate the highest common divisor of i and 16.
8
Suppose 5*i - 212 = -2*f, 2*f - 123 - 129 = 5*i. Suppose -f - 44 = -8*z. Let a be 15*8/z*(-10)/(-4). What is the highest common divisor of a and 9?
3
Let n(c) = -139*c + 117. Let p be n(6). Let d = -633 - p. Calculate the greatest common divisor of 210 and d.
42
Suppose 0 = -0*x + 4*x + 3*j + 856, -3*x - 4*j = 649. Let w = -92 - x. What is the highest common divisor of w and 34?
17
Let t(f) be the first derivative of f**3/3 + 9*f**2/2 - 7*f + 22. Let r be t(-10). Suppose 0 = -4*y + 61 + r. Calculate the greatest common factor of y and 128.
16
Let q(p) = p**3 + 4*p**2 + 4*p + 6. Let j be q(-3). Let f be ((-2)/j)/(3657/(-522) - -7). Calculate the highest common divisor of f and 87.
29
Suppose 0 = 5*r - 3*v - 4575, 4*v - 831 - 107 = -r. What is the greatest common factor of r and 17?
17
Suppose -q - 4*q + d = 237, d - 143 = 3*q. Let r = q - -41. Let m be (9/r)/((-4)/120). Calculate the highest common factor of m and 9.
9
Suppose -3*l - 4*m + 927 = 0, -11*l = -16*l + 4*m + 1513. Calculate the greatest common factor of l and 35.
5
Let i = -17 - 7. Let h = i - -26. Let r be 6*4/16*h. What is the highest common factor of r and 15?
3
Let x = 18668 - 18223. What is the highest common divisor of 65 and x?
5
Let g be ((-6)/9)/(-9 + 798/90). Suppose -k + 6*w - 7*w = -237, -5*w - g = 0. What is the highest common divisor of k and 14?
14
Let y be 7*(-1 + 2) - (-41)/((-410)/(-3160)). What is the greatest common factor of 527 and y?
17
Let t be (137 + 16)/(-9) - -577. What is the greatest common divisor of 952 and t?
56
Let t(z) = -z**2 + 31*z - 234. Let k be t(14). What is the greatest common divisor of 362 and k?
2
Suppose -10*b - 10*b = 3220. Let x be 4/(-4 - (b/20 + 4)). Calculate the greatest common factor of x and 30.
10
Suppose -30 + 30 = 10*x. Suppose -5*d = 5*l - 45, 4*l + x*d = -5*d + 33. Calculate the highest common divisor of 22 and l.
2
Let x = 1040 - 988. Calculate the highest common factor of 2548 and x.
52
Let k(r) = r**3 - r**2 + 1. Let q(s) = 8*s**3 + s**2 - 2*s + 3. Let p(l) = -2*k(l) - q(l). Let u be p(-2). What is the greatest common divisor of u and 15?
15
Suppose 5*z + 1 - 16 = 0. Let t(n) = -z*n + n**2 + 3 - 3*n + 3 - 6*n. Let j be t(12). Calculate the highest common divisor of j and 36.
6
Let w be (12/(-9)*(-3)/2)/(-1). Let c = 47 + w. Suppose -n + 54 = 2*n. What is the highest common factor of c and n?
9
Suppose 8 = -5*p + 18. Suppose -5*o = -k + p*k + 105, 3*k - 3*o = -243. Let m = -43 - k. Calculate the highest common divisor of 14 and m.
14
Suppose 14*x - 5*j = 11*x + 43, 2*j - 7 = -x. Let q(t) = -9*t + 114. Let l be q(x). Calculate the greatest common divisor of l and 285.
15
Let z(u) = u**3 + 22*u**2 - 511*u - 5. Let i be z(-36). Suppose -4*w + 86 = 10. Calculate the highest common factor of w and i.
19
Suppose 6 = 13*v - 12*v - l, 2*v + 2*l = -8. Let h be (2 - v)*112/28. Calculate the greatest common factor of 23 and h.
1
Let d = -46 + 45. Let x be 328/40 + d/5. Let c(w) = w**3 - 2*w**2 - 5*w + 8. Let l be c(0). What is the greatest common divisor of x and l?
8
Let t be 203844950/8397 + 4/54. Calculate the greatest common divisor of t and 34.
34
Let m be ((-32)/(-128))/((-1)/(-212)). Let d = m + 115. Calculate the highest common divisor of d and 21.
21
Let s be -6 - -6 - (0 + -184). Let y = -80633 - -80702. Calculate the highest common divisor of y and s.
23
Let c be (-3)/6 + (-7)/(-8) + (-2394703)/(-152). What is the greatest common factor of 115 and c?
115
Let w(a) = -a**3 + 8*a**2 + 46*a - 211. Let v be w(10). What is the highest common divisor of 1400 and v?
7
Let x = 440 + -435. Let m(j) = -j**3 + 7*j**2 - 9*j + 21. Let u be m(x). Suppose -47 = -5*p + 18. What is the highest common factor of p and u?
13
Let n = 15564 + -15616. Suppose 2*x = -2*x - 44. Let g = x - n. Calculate the greatest common factor of g and 451.
41
Let i = 317 + -308. Let w be ((-13)/52)/((-1)/4). Let t be i/(-12) + w + 429/12. What is the greatest common factor of t and 24?
12
Let d = 195 - 195. Suppose -18*g + 11*g + 301 = d. Suppose -4*b + 0*h = -5*h - 152, h = b - 39. Calculate the greatest common divisor of b and g.
43
Suppose -2286*j + 2250*j + 22026 = -4974. What is the highest common factor of 4050 and j?
150
Let x be (-18 + 1)/(-1)*10. Suppose -r = 4*k - 136, -4*k = -k + 2*r - 102. What is the highest common factor of k and x?
34
Let l(w) = -5*w**3 - w**2 - 3*w - 2. Let t be l(-2). Suppose 0 = 5*c - c - 5*z - 425, 532 = 5*c - 6*z. Calculate the greatest common factor of t and c.
10
Suppose -7*d - 1735 + 643 = 0. Let g be (d/(-8))/(21/14). What is the greatest common divisor of g and 52?
13
Let u(h) = 12 - h - h - 18*h - h**2 + 8*h. Let f be ((-18)/10)/(66/220). Let w be u(f). Calculate the greatest common factor of w and 12.
12
Let u = 40 - 37. Suppose -2*g - 6 = -u*g + 2*h, g = -h. Let p(s) = 39*s. Let z be p(g). Calculate the highest common factor of 26 and z.
26
Let d(b) be the third derivative of -7*b**4/8 + 43*b**3/2 + 2*b**2 - 26. Let u be d(5). What is the greatest common factor of u and 16?
8
Let i(g) = -g**2 - 2*g + 8. Let z be i(-4). Suppose 20*f - 21*f - 19 = z. Let q = 41 + f. Calculate the greatest common factor of q and 33.
11
Let m(j) = -45*j + 2. Let z be m(2). Let t be 2/(-3) + z/(-6). Suppose -t*p + 140 = -9*p. What is the greatest common divisor of p and 140?
28
Let i(n) = 3*n**2 + 3*n + 3. Let s be i(-4). Let z(u) = 339*u + 5. Let x be z(1). Let q = x - 318. What is the greatest common divisor of s and q?
13
Suppose 2*r - 112 = -3*p, -2*r + 0*p + 112 = -p. Suppose 0 = -z - 6 + r. Let y = 10 + z. Calculate the greatest common factor of y and 24.
12
Suppose -h - 2*h = 4*s - 54, -2*h + 36 = 5*s. Let v be (-39)/(-234) - (-4319)/6. Calculate the highest common factor of h and v.
18
Let r(q) = q**2 + 129*q - 4652. Let c be r(30). What is the highest common factor of c and 6?
2
Let x = 12 - -71. Suppose 78*f - 100 = x*f. Let h be (-2 + 4)*5/f*-46. What is the greatest common factor of 